{"id":244,"date":"2020-02-10T10:47:56","date_gmt":"2020-02-10T10:47:56","guid":{"rendered":"https:\/\/customer.eic-network.com\/andre\/?page_id=244"},"modified":"2023-12-04T15:35:23","modified_gmt":"2023-12-04T15:35:23","slug":"reservas","status":"publish","type":"page","link":"https:\/\/customer.eic-network.com\/andre\/reservas\/","title":{"rendered":"Reservas"},"content":{"rendered":"<p>[et_pb_section fb_built=&#8221;1&#8243; fullwidth=&#8221;on&#8221; _builder_version=&#8221;4.16&#8243; background_color=&#8221;#fc9569&#8243; global_colors_info=&#8221;{}&#8221;][et_pb_fullwidth_header title=&#8221;Deseja fazer uma reserva?&#8221; button_one_text=&#8221;Reserve por SMS&#8221; header_image_url=&#8221;https:\/\/customer.eic-network.com\/andre\/wp-content\/uploads\/2020\/02\/Reservado1.jpeg&#8221; _builder_version=&#8221;4.16&#8243; background_color=&#8221;#00579e&#8221; global_colors_info=&#8221;{}&#8221;]<\/p>\n<p>Simples. Preencha os dados em baixo e envie-nos um SMS. Receber\u00e1 confirma\u00e7\u00e3o quase imediatamente.<\/p>\n<p>[\/et_pb_fullwidth_header][\/et_pb_section][et_pb_section fb_built=&#8221;1&#8243; _builder_version=&#8221;4.16&#8243; global_colors_info=&#8221;{}&#8221;][et_pb_row _builder_version=&#8221;4.16&#8243; animation_style=&#8221;flip&#8221; animation_direction=&#8221;top&#8221; animation_duration=&#8221;1550ms&#8221; global_colors_info=&#8221;{}&#8221;][et_pb_column type=&#8221;4_4&#8243; _builder_version=&#8221;4.16&#8243; global_colors_info=&#8221;{}&#8221;][et_pb_text _builder_version=&#8221;4.16&#8243; min_height=&#8221;52px&#8221; custom_padding=&#8221;||50px|||&#8221; global_colors_info=&#8221;{}&#8221;]<\/p>\n<p>S\u00e3o um grupo de amigos ou colaboradores e querem ter a certeza que t\u00eam mesa para almo\u00e7ar? Reserve mesa preenchendo os dados neste formul\u00e1rio e receber\u00e1 a sua confirma\u00e7\u00e3o em minutos.<\/p>\n<p>[\/et_pb_text][\/et_pb_column][\/et_pb_row][\/et_pb_section][et_pb_section fb_built=&#8221;1&#8243; _builder_version=&#8221;4.23.1&#8243; _module_preset=&#8221;default&#8221; global_colors_info=&#8221;{}&#8221;][et_pb_row _builder_version=&#8221;4.23.1&#8243; _module_preset=&#8221;default&#8221; global_colors_info=&#8221;{}&#8221;][et_pb_column type=&#8221;4_4&#8243; _builder_version=&#8221;4.23.1&#8243; _module_preset=&#8221;default&#8221; global_colors_info=&#8221;{}&#8221;][et_pb_code _builder_version=&#8221;4.23.1&#8243; _module_preset=&#8221;default&#8221; hover_enabled=&#8221;0&#8243; global_colors_info=&#8221;{}&#8221; sticky_enabled=&#8221;0&#8243; custom_css_free_form=&#8221;    #reservation-form {||        max-width: 600px;||        margin: 0 auto;||        padding: 20px;||        background-color: #f4f4f4;||        border-radius: 10px;||        box-shadow: 0 0 10px rgba(0, 0, 0, 0.1);||    }||||    #reservation-form form {||        display: grid;||    }||||    #reservation-form label {||        font-weight: bold;||        display: block;||        margin-bottom: 5px;||    }||||    #reservation-form input,||    #reservation-form textarea {||        width: 100%;||        padding: 8px;||        border: 1px solid #ccc;||        border-radius: 5px;||    }||||    #reservation-form textarea {||        resize: vertical;||    }||||    #reservation-form input%91type=%22submit%22%93 {||        background-color: #0073e6;||        color: #fff;||        padding: 10px;||        border: none;||        border-radius: 5px;||        cursor: pointer;||        font-size: 16px;||    }||||    #reservation-form input%91type=%22submit%22%93:hover {||        background-color: #005bb5;||    }&#8221;]<\/p>\n<div id=\"reservation-form\"><!-- [et_pb_line_break_holder] -->    <\/p>\n<form method=\"post\"><!-- [et_pb_line_break_holder] -->        <label for=\"name\">Name:<\/label><!-- [et_pb_line_break_holder] -->        <input type=\"text\" name=\"name\" required><!-- [et_pb_line_break_holder] --><!-- [et_pb_line_break_holder] -->        <label for=\"phone\">Phone:<\/label><!-- [et_pb_line_break_holder] -->        <input type=\"tel\" name=\"phone\" required><!-- [et_pb_line_break_holder] --><!-- [et_pb_line_break_holder] -->        <label for=\"date\">Date:<\/label><!-- [et_pb_line_break_holder] -->        <input type=\"date\" name=\"date\" required><!-- [et_pb_line_break_holder] --><!-- [et_pb_line_break_holder] -->        <label for=\"time\">Time:<\/label><!-- [et_pb_line_break_holder] -->        <input type=\"time\" name=\"time\" required><!-- [et_pb_line_break_holder] --><!-- [et_pb_line_break_holder] -->        <label for=\"people\">Number of People:<\/label><!-- [et_pb_line_break_holder] -->        <input type=\"number\" name=\"people\" required><!-- [et_pb_line_break_holder] --><!-- [et_pb_line_break_holder] -->        <label for=\"message\">Message:<\/label><!-- [et_pb_line_break_holder] -->        <textarea name=\"message\" rows=\"4\"><\/textarea><!-- [et_pb_line_break_holder] --><!-- [et_pb_line_break_holder] -->        <input type=\"submit\" value=\"Submit\"><!-- [et_pb_line_break_holder] -->    <\/form>\n<p><!-- [et_pb_line_break_holder] --><\/div>\n<p><!-- [et_pb_line_break_holder] -->[\/et_pb_code][\/et_pb_column][\/et_pb_row][\/et_pb_section]<\/p>\n","protected":false},"excerpt":{"rendered":"<p>Simples. Preencha os dados em baixo e envie-nos um SMS. Receber\u00e1 confirma\u00e7\u00e3o quase imediatamente.S\u00e3o um grupo de amigos ou colaboradores e querem ter a certeza que t\u00eam mesa para almo\u00e7ar? Reserve mesa preenchendo os dados neste formul\u00e1rio e receber\u00e1 a sua confirma\u00e7\u00e3o em minutos.<\/p>\n","protected":false},"author":2,"featured_media":0,"parent":0,"menu_order":0,"comment_status":"closed","ping_status":"closed","template":"","meta":{"_et_pb_use_builder":"on","_et_pb_old_content":"","_et_gb_content_width":"","footnotes":""},"_links":{"self":[{"href":"https:\/\/customer.eic-network.com\/andre\/wp-json\/wp\/v2\/pages\/244"}],"collection":[{"href":"https:\/\/customer.eic-network.com\/andre\/wp-json\/wp\/v2\/pages"}],"about":[{"href":"https:\/\/customer.eic-network.com\/andre\/wp-json\/wp\/v2\/types\/page"}],"author":[{"embeddable":true,"href":"https:\/\/customer.eic-network.com\/andre\/wp-json\/wp\/v2\/users\/2"}],"replies":[{"embeddable":true,"href":"https:\/\/customer.eic-network.com\/andre\/wp-json\/wp\/v2\/comments?post=244"}],"version-history":[{"count":23,"href":"https:\/\/customer.eic-network.com\/andre\/wp-json\/wp\/v2\/pages\/244\/revisions"}],"predecessor-version":[{"id":375,"href":"https:\/\/customer.eic-network.com\/andre\/wp-json\/wp\/v2\/pages\/244\/revisions\/375"}],"wp:attachment":[{"href":"https:\/\/customer.eic-network.com\/andre\/wp-json\/wp\/v2\/media?parent=244"}],"curies":[{"name":"wp","href":"https:\/\/api.w.org\/{rel}","templated":true}]}}